3 - r**2 + r. Let b be m(0). Suppose -2*y + 81 - 1 = b. Let s = y + -16. What is the highest common factor of s and 12?
12
Suppose 2*d = 22 + 6. Suppose -2*c + 8 = -5*x + 22, 4*x = 3*c + d. Let t be (3/c)/(3/(-8)). Calculate the greatest common divisor of t and 16.
4
Let t be ((-31)/(-4))/(9/36). Let y = 109 + t. Calculate the greatest common factor of 56 and y.
28
Suppose 0 = -s + 164 - 52. Suppose -4*i + 35 + 21 = 0. Calculate the highest common divisor of s and i.
14
Suppose -2*k - 4*d = 2 - 112, 0 = -5*k - 2*d + 267. Calculate the highest common factor of 477 and k.
53
Let w be (41 - -1) + -6 + 9. Calculate the greatest common factor of 18 and w.
9
Let u be 12 + 4 + -3*2. What is the highest common factor of 2 and u?
2
Let q(s) = 2*s + 1. Let u be q(7). What is the highest common factor of u and 30?
15
Let h(f) = -7*f**3 - 9*f**2 + 6*f**3 - 8*f + 9 + 0*f**3. Let r be h(-8). What is the greatest common factor of r and 99?
9
Let u be 2/8*-6*-2. Let h be ((-8)/2 + 1)*1. Let w = h - -5. Calculate the highest common factor of w and u.
1
Suppose -4*b = -5*x + 553 - 1293, 3*b + x - 536 = 0. Calculate the greatest common divisor of b and 72.
36
Let g = 4 - 0. Let j be 0/(-2) - (-9 + -3). Calculate the highest common divisor of j and g.
4
Suppose -2*p - 3*p = -3*m + 37, 2*p = 2*m - 18. What is the greatest common divisor of 2 and m?
2
Let o be 0 - 1 - (3 - 6). Let h be o/(-5) - 82/(-5). Let m = h - 5. Calculate the highest common divisor of m and 33.
11
Suppose -l + 115 = -47. Calculate the highest common divisor of l and 9.
9
Suppose -3*i - 44 = -5*i. Suppose 2*q - 21 - 5 = 0. Let m = q - -42. Calculate the greatest common factor of m and i.
11
Suppose 4*l = 3*l + 4. Suppose -v = -l*v + 15. What is the highest common factor of 10 and v?
5
Let u(x) = 4*x**3 + 3*x**2 + 2*x + 3. Let n = -5 - -8. Let i be u(n). Calculate the greatest common factor of i and 16.
16
Suppose -3*m + 3 + 6 = 0. Let t(z) = z**2 - z + 3. Let i be t(m). Calculate the highest common divisor of i and 36.
9
Let f be (-140)/(-18) - 2/(-9). What is the greatest common factor of f and 88?
8
Let g(t) = 6*t - 17. Let p be g(4). What is the greatest common factor of p and 21?
7
Let g = -2 - -7. Let r be (-10)/40 - (-18)/8. Suppose -2*j - 2*j = g*t - 171, -r*j + 87 = t. Calculate the highest common divisor of 4 and j.
4
Let n = -15 - -33. Calculate the highest common divisor of 12 and n.
6
Suppose -6 - 2 = -n. What is the highest common divisor of n and 40?
8
Suppose -424 = -3*p - 127. What is the highest common factor of p and 11?
11
Let q(k) = -k + 3. Let u be q(-3). Let y be (-4)/u + (-51)/(-9). Let j = y - -30. Calculate the greatest common factor of 5 and j.
5
Let r = -44 + 55. What is the highest common divisor of r and 11?
11
Let d(z) = 3*z**2 - 4 - 2*z**2 - z + 1 - 2*z. Let s be d(-2). What is the greatest common factor of 21 and s?
7
Suppose 2*w = 5*y - 73, 0 = 2*y + 3*w - w - 18. Calculate the highest common divisor of 13 and y.
13
Let d(b) = -18*b - 5. Let f be d(-3). Let p = f - 29. Suppose -150 = -6*r + r. Calculate the greatest common factor of p and r.
10
Let b be 26 + 0 + 0 - 0. Let q(r) = -11*r - 2*r + r - r. Let m be q(-5). Calculate the highest common divisor of b and m.
13
Suppose 2*s - 3 = -l, -3*l + 2 = -3*s + 2*l. Suppose -71 = -4*g + s. Calculate the highest common factor of g and 54.
18
Suppose -v + 37 + 5 = r, -2*r + 2*v = -72. Suppose -3*l - 2*o + r + 43 = 0, 3*o - 18 = -l. What is the highest common factor of l and 12?
6
Suppose 0*g = -x - 2*g + 13, -47 = -3*x + 2*g. Let a = x - -3. Calculate the greatest common factor of a and 126.
18
Suppose -2*s + 45 = -255. Suppose -7*m = -2*m - s. Suppose -10 = -4*h + m. What is the highest common factor of 10 and h?
10
Suppose -2*c + 4*a + 3 = -a, 3*a = 5*c - 17. What is the greatest common divisor of 28 and c?
4
Let j be (27/81)/(2/270). What is the highest common divisor of j and 9?
9
Let b(k) = 3*k + 2. Let o be b(4). Let i(t) = 3*t**2 + 2*t. Let n be i(4). What is the highest common factor of n and o?
14
Let g(j) = 5*j**2 - 1. Let u be g(-1). Suppose -5*w + u*w = 5*i - 7, 0 = -4*w - 4*i + 12. Calculate the greatest common divisor of 16 and w.
2
Let h(c) = c**3 + 9*c**2 - 5*c - 4. Let l be 57/(-11) - 2/(-11). Let t be h(l). What is the highest common factor of t and 11?
11
Let h(i) = -15*i - 7. Let a be h(-5). Suppose -4*s + 2*j + 59 = -j, 3*s + 4*j = 63. Let u be s*(0/(-2) + 1). What is the greatest common divisor of a and u?
17
Suppose 0 = -2*n + 74 + 6. Let b(x) = -x**3 + 8*x**2 - 4*x - 5. Let p be b(7). Let m be (p/(-5))/((-3)/15). What is the greatest common factor of n and m?
8
Suppose 2*m + 200 = 7*m. Let r = 48 - 28. Calculate the highest common factor of m and r.
20
Suppose -75 = 5*i - 345. Suppose -5*x = -31 - 59. What is the highest common divisor of x and i?
18
Let l be (-4)/(-14) - (-156)/42. Suppose -2*g + 0*g = -24. Calculate the highest common factor of g and l.
4
Let p(l) = 2*l**2 - 5*l - 3. Let k be p(5). Let y be (-3 - -2)*(1 - 2). Let f = y - -10. What is the greatest common divisor of k and f?
11
Suppose -7*s - 3*d = -6*s + 32, 0 = -3*s - 5*d - 76. Let f = 23 + s. What is the greatest common divisor of 24 and f?
6
Let f(q) = 9*q + 1. Let b be f(1). What is the highest common factor of b and 5?
5
Suppose -2*b = 40 - 136. What is the highest common divisor of b and 16?
16
Let n(u) = -5*u**3 - u. Let m be n(1). Let i = 3 + m. Let k be 0 - i - (-2 - -3). Calculate the greatest common factor of k and 5.
1
Let z = 14 + -6. Let w(g) = 71*g**3 + 2*g**2 - 3*g + 2. Let q be w(1). Calculate the greatest common divisor of q and z.
8
Let y be -3*5/9*-3. Calculate the highest common factor of 2 and y.
1
Suppose 5*z - 91 = 209. Suppose 0 = -5*o, -c - 4*o + z = -o. Let i(y) = 3*y - 54. Let j be i(22). Calculate the greatest common factor of j and c.
12
Let f(q) = -q**2 + 4*q - 5. Let c be f(4). Let t = c + 10. Let x = -2 - -3. Calculate the greatest common divisor of t and x.
1
Let n(o) = o**2 + 8*o + 8. Let g(k) = -k**3 - 3*k**2 + 3*k + 1. Let p be g(-2). Let w be n(p). What is the highest common divisor of 51 and w?
17
Let f = 5 - -5. Suppose -2*t - 5*h = -25, 3 = 2*t + 4*h - 21. What is the highest common factor of f and t?
10
Let v = -16 - -28. Suppose 2*n - v = 14. Calculate the greatest common factor of 26 and n.
13
Let d = 9 + -2. Let v be (-5)/(-1)*(8 - d). Calculate the highest common divisor of 25 and v.
5
Let b be 16 + (-6 - -4)/2. What is the greatest common divisor of 6 and b?
3
Let w(l) = 2*l**2 + l - 1. Let v be w(-4). Calculate the greatest common divisor of v and 54.
27
Let u(d) = 2*d**2 - 10*d + 24. Let x be u(6). What is the greatest common divisor of 8 and x?
4
Suppose -132 = -0*z - 2*z. Suppose -39 + 7 = -2*i. Suppose 5*g = -h - 4, 3*h = g - 2*g + i. Calculate the highest common factor of h and z.
6
Let q = 249 + 12. Let b be 1/4 + q/12. Suppose -5*z = 3*y - 13, -y + 0 = 3*z - 7. What is the greatest common factor of b and z?
2
Let y(b) = -b + 3. Let k be y(4). Let u be 0 + k + (-1 - -4). Suppose -j - 2 = -18. Calculate the greatest common factor of u and j.
2
Let a(f) = f + 1. Let b be a(-2). Let q be (-12)/6 + (14 - b). Suppose 0 = i + 2*r - 0 - q, -73 = -4*i - r. Calculate the greatest common divisor of 19 and i.
19
Let i = -23 + 47. Calculate the greatest common factor of i and 36.
12
Suppose 5*q - 33 = -2*r, -q + 40 = 5*r + 3*q. Let o be (14 - r)/((-2)/(-7)). Calculate the highest common divisor of 7 and o.
7
Let i = 115 + -102. What is the greatest common divisor of 104 and i?
13
Suppose -6 = -2*z - 4. Calculate the greatest common factor of 1 and z.
1
Suppose 0 = 4*s + 5 - 429. Suppose -3*t = -3, 7*k + t = 2*k + s. Calculate the greatest common factor of k and 189.
21
Suppose -k + 11 = 5*f, -f - 4*k = -3*f. What is the highest common divisor of f and 14?
2
Let h = 59 - 49. What is the greatest common divisor of h and 10?
10
Let x be 8/(-12)*(-9)/(-2). Let d be x/6*-6 - -3. What is the highest common factor of 9 and d?
3
Suppose -3*o + 5 = -1. Let n = o + 17. Calculate the highest common factor of n and 133.
19
Suppose -5 - 35 = -4*a. Let p = a + -3. Calculate the highest common factor of 77 and p.
7
Let x(g) = 2*g**2 + g. Let r be x(1). Suppose -r*d = 2 - 8. Suppose 2*m + 2*m + 6